on factor of 105 and o?
21
Let f(h) = 152*h + 5. Let n be f(1). Suppose 8*i = 1067 + n. Let t = -89 + i. Calculate the greatest common factor of 8 and t.
8
Suppose 3512 = 6*p - 1174. Let d(s) = 5*s**2 - 54. Let c be d(-5). What is the greatest common divisor of c and p?
71
Let z(d) = -d**3 - d - 1. Let r(w) = w**3 - 3*w**2 + 12*w + 19. Let g(y) = -r(y) - 2*z(y). Let p be g(-3). What is the highest common factor of 2 and p?
1
Let g = 16 - 7. Let b be ((-1924)/(-20))/(g/45). Calculate the highest common divisor of b and 74.
37
Suppose -3*m + 71 = 23. Let s(k) = -k**2 + 24*k - 18. Let u be s(m). Calculate the highest common factor of u and 10.
10
Let o be (1 - 9)/(-21 + 15) + 62/93. What is the highest common factor of 349 and o?
1
Let i be 88 + -1*1*-2. Suppose 2*h + 15 - 1 = 3*s, -4*h = -s + 18. Suppose 56 - 38 = s*v. What is the greatest common factor of i and v?
9
Suppose 2*h - h + 3*s = 16, 0 = h + 5*s - 18. Let b(x) = -168*x**3 + 1. Let f be b(-1). Calculate the greatest common factor of f and h.
13
Suppose 2*k + 2*x = 3*x + 527, k = 3*x + 256. Let v(y) = y**2 + 59*y + 873. Let j be v(-17). Calculate the highest common divisor of k and j.
53
Suppose -2426 = 7*z - 690. Let w = 269 + z. Calculate the highest common divisor of 91 and w.
7
Suppose -5*y = 5*t - 1615, -3*t + 483 = 4*y - 810. What is the highest common divisor of 720 and y?
36
Let p be 38 + (6 + -3)/((-3)/2). Calculate the highest common factor of 1062 and p.
18
Suppose -430*r = -405*r - 2025. Calculate the highest common factor of 3834 and r.
27
Suppose 1919 = 4*m - 3*r, -58*m - 927 = -60*m - 5*r. What is the highest common divisor of m and 252?
28
Let z(u) = -2*u - 21. Let a be z(-12). Suppose 28 + 1 = 2*p - i, -a*i - 3 = 0. Let k = -215 - -229. What is the highest common divisor of p and k?
14
Let k = 2680 - 2645. What is the highest common factor of k and 2023?
7
Let l be ((-6)/(-2) - -2) + 2. Let v(p) be the first derivative of p**3/3 - 5*p**2/2 + 2*p + 37. Let o be v(l). What is the highest common factor of o and 24?
8
Suppose -3 = 23*r - 20*r. Let c be 1/(r + 27/26). Suppose -13 = -s + 3*p, -2*s + 0*p + c = 5*p. Calculate the greatest common divisor of 39 and s.
13
Let d = 8027 - 8024. Let i(r) = 79*r + 12. Let h be i(3). What is the highest common factor of d and h?
3
Let d = 105 + -148. Suppose 4*k = -5*i + 304, -9*k + 13*k - 276 = 2*i. Let f = d + k. Calculate the highest common divisor of 84 and f.
28
Let l(m) = 33*m**2 + 616*m + 1242. Let r be l(-2). Calculate the greatest common factor of 4402 and r.
142
Let z be 0 + -2 + -2 + (-2)/1. Let l(j) = j**3 + 4*j**2 - 9*j - 3. Let q be l(z). Let i = q + 33. What is the greatest common factor of 60 and i?
12
Let m be (5504/129 - -18)*(-3)/(-7). What is the highest common divisor of m and 77974?
26
Let u be (-7 - 11) + 7 + -1. Let y be (0 - 6177/u) + 3/12. What is the greatest common factor of y and 5?
5
Suppose 0 = -7*i + i - 96. Let s be (24/(-10))/(3 + i/5). Calculate the highest common factor of 116 and s.
4
Let u = 2112 + -1485. Calculate the highest common factor of 99 and u.
33
Suppose -14*y - 4*y + 98469 = 3*y. Calculate the greatest common divisor of y and 3.
3
Let s(r) = 214*r**3 + 94*r**2 - 190*r + 8. Let a be s(2). What is the greatest common divisor of 468 and a?
156
Let j(z) = 8*z**2 - 31*z + 78. Let q be j(2). Calculate the highest common factor of 848 and q.
16
Suppose 2*s = 2*g + 3*g + 285, 0 = -5*g + 5. Suppose 8*a = 6*a. Suppose -4*r + 241 - 9 = a. What is the highest common divisor of r and s?
29
Suppose 2*o = -2*b - 1994, o + 3*o - 12 = 0. Let q be 0/(-1) + b/(-5). Let u be q/3 + 4/3. Calculate the greatest common divisor of u and 34.
34
Suppose 5 = u, -4*a = -u - 94 - 1325. Let m = -196 + a. Suppose -77*b + 80*b - 27 = -3*g, 4*g = -2*b + 16. What is the greatest common factor of m and b?
10
Suppose 140*q - 145*q = -15. Suppose -4*d = q*x - 316, 4*x - 463 = 4*d - d. What is the highest common factor of 14 and x?
14
Let y = -49 - -69. Let d be (-1358)/(-154) - 2/(-11). Suppose 0 = 2*m - o - d, m - 4*o = 4 - 3. What is the greatest common factor of m and y?
5
Let v = -224 + 216. Let y be (v/(-3))/((-35)/(-630)). Calculate the greatest common divisor of 204 and y.
12
Suppose 7 + 39 = 23*v. Suppose 0 = -v*i, -5*b + 32 = 3*i - 18. Suppose -3*p = -4*p + 2. Calculate the greatest common divisor of b and p.
2
Let a(r) = 9*r - 22. Let w be a(3). Suppose -5*j + 19*t + 35 = 14*t, -5*j = 3*t - 3. Calculate the highest common divisor of w and j.
1
Let n be 4*(2 - (-1 - -1)). Suppose -y - 2*y = 0. Suppose 2*m - 11*m + 504 = y. What is the highest common divisor of m and n?
8
Let o(r) = r**3 + 6*r**2 + 2*r + 10. Let u be o(-6). Let p be 3/u*(-14 - 0). Let t = 424 - 256. What is the greatest common factor of p and t?
21
Let y be 80/60*1065/20. Calculate the highest common divisor of y and 18957.
71
Let w(q) = 7*q**2 + 120*q + 119. Let i be w(-1). Calculate the greatest common factor of i and 1104.
6
Suppose -7*r = -r - 360. Let o = -558 + 642. Calculate the highest common factor of o and r.
12
Suppose -4 - 16 = 2*n. Let u(w) = -w**2 - 11*w - 5. Let m be u(n). Suppose m + 2 = k - 2*q, 2*q - 8 = -2*k. What is the greatest common divisor of k and 2?
1
Suppose -5*c + 5*j = -2360, -7*j = -3*j - 8. What is the highest common divisor of c and 18?
6
Let z(u) = -121*u + 56. Let c be z(-4). What is the greatest common divisor of 144 and c?
36
Let l be 13/((-715)/(-1601413)) + ((-9)/15 - -1). What is the highest common factor of l and 11?
11
Let y(o) = -4*o**2 - 1. Let q(z) = -5*z**2 - z. Let l(h) = 5*q(h) - 6*y(h). Let g be l(-5). Let s = 6922 + -6862. What is the highest common factor of s and g?
6
Suppose 0 = -6*j + 985 - 319. Let c = -1 - -1. Suppose -v + 6 + j = c. Calculate the greatest common factor of 13 and v.
13
Let j(d) = -2078*d**3 + 2*d**2 + 31*d + 30. Let h be j(-1). What is the highest common factor of 539 and h?
77
Let z(h) = 4*h**2 + 25*h + 8. Let i be z(-6). Suppose 0 = 3*j + 2*n - 5, -3*j + 3*n + 2*n = i. What is the highest common factor of j and 27?
1
Suppose -784 = -2*x - 5*p, -p - 4 = -5*x + 1956. Calculate the highest common divisor of x and 24.
8
Suppose 0 = 18*k + 932 - 1022. What is the greatest common factor of k and 145?
5
Suppose -5*g = 313*r - 308*r - 10, -4*g - 4 = r. Calculate the highest common factor of 22088 and r.
4
Let y be 561/66 - (-45)/(-6). Calculate the highest common factor of 3833 and y.
1
Suppose 116*u = 55*u + 2221193. What is the highest common divisor of u and 13?
13
Suppose -116*x + 242*x - 12726 = 0. Calculate the highest common divisor of 35653 and x.
101
Suppose 4*b - 130 = 2*f, -83*f + 87*f = 5*b - 152. Let d be (16 + 0)/((-4)/(-18)). Calculate the greatest common divisor of d and b.
36
Suppose 284*z + 4930 = 369*z. What is the highest common divisor of z and 551?
29
Suppose -61 - 74 = -9*d. Suppose -34*q + d = -31*q. Let b be -1 + 0 + 2 - 0. Calculate the greatest common factor of q and b.
1
Let l be 64/448 + (-62)/(-7). What is the highest common factor of l and 657?
9
Let q = 2766 + -2171. What is the greatest common factor of 680 and q?
85
Let n be 6/(-21) - (-110309)/329. What is the greatest common divisor of n and 2144?
67
Let u(p) = 2*p**2 - 42*p + 86. Let y be u(19). Suppose -28 + 8 = -4*r. Suppose -f - 200 = -r*f. Calculate the greatest common factor of y and f.
10
Let r = -56 - -36. Let a be (24/(-10))/(4/r*1). Suppose a = 5*u + 7. Calculate the greatest common divisor of 4 and u.
1
Let d be 4*(-3)/48*-4*2. Suppose 0*f + 5*y = -2*f - 23, -3*y = d*f + 29. Let b(w) = -4*w - 22. Let j be b(f). Calculate the highest common factor of 6 and j.
6
Suppose -164*k + 158*k + 576 = 0. Suppose p + k = 5*j, -3*p - 2*p + 52 = 3*j. Calculate the highest common factor of 38 and j.
19
Let s(t) = -3*t - 3. Let w be s(-2). Suppose -5*g - 49 = -319. Suppose w*x - g + 6 = 0. Calculate the highest common factor of 40 and x.
8
Let a be ((156/3)/1)/((-1)/3). Let x be -4 + a/(-42) - (-368)/14. Suppose 2*f - 224 = 244. What is the greatest common divisor of x and f?
26
Suppose 0 = -286*i + 280*i + 1170. Calculate the highest common divisor of 30 and i.
15
Let t be 1 - (3 + -3 + (-5)/5). Let k = t - 0. Suppose k*o - 5*o + 72 = 0. What is the highest common factor of o and 40?
8
Let m = -39 +